tors of d.
5
Suppose -3*i + 6 = -0*i. Suppose -235 = 8*o - 715. Suppose i*k + 3*k - o = 0. List the prime factors of k.
2, 3
Let j be (-14)/(-1)*15/6. Suppose -39 = -36*n + j*n. What are the prime factors of n?
3, 13
Let d(p) = 5*p**2 - 30*p - 21. List the prime factors of d(15).
2, 3, 109
Suppose -3*t + 4 = b, 0*b = -2*b - 2*t + 28. Let x = b - 16. What are the prime factors of x?
3
Suppose 3*o + 2*o - 15 = 0. Suppose 0 = -g - o*g + 116. What are the prime factors of g?
29
Let m = 4 + 2. Suppose -q + m*q = 2*b - 273, -2*b + q + 253 = 0. List the prime factors of b.
2, 31
Suppose -15*d + 2799 + 16671 = 0. What are the prime factors of d?
2, 11, 59
Let w = 6406 + -3588. List the prime factors of w.
2, 1409
Let y be (-3)/5 + 1168/(-20). Let z = -34 - y. What are the prime factors of z?
5
Suppose 3*f + 2*a + 195 = 0, -2*f + a - 117 = -2*a. Let h = f - -139. List the prime factors of h.
2, 19
Suppose -14 - 10 = -5*g - 2*r, -4*r + 24 = 4*g. Let f be ((-2)/g)/((-11)/44). Suppose 33 - 7 = f*y. List the prime factors of y.
13
Let y be 0/(-1 - 2/2). Suppose -2*m - m + 75 = y. What are the prime factors of m?
5
Let q = 3 + 0. Let g be (2/q)/((-3)/(-108)). What are the prime factors of 4/g - 203/(-6)?
2, 17
Let z(w) = 2*w + 1. Suppose -o - 35 = -4*a + 36, 2*a = 3*o + 23. List the prime factors of z(a).
3, 13
Suppose 2*g - 2*m = 0, 3*g + 6 = 3*m + 2*m. Let q be 1/g - 8/24. Suppose q*a = -4*a + 28. What are the prime factors of a?
7
Let g be (-29)/(-9) + (-2)/9. Suppose 5*q + 50 = 3*z, 3*z + g*q - 115 = -z. What are the prime factors of z?
5
Suppose -4*i + 96 - 568 = 0. Let s = i - -199. List the prime factors of s.
3
Suppose -4*p - 24 = -d, 0*d - 3*p = 2*d - 4. Suppose d*f - 432 = 2*f. List the prime factors of f.
2, 3
Suppose 812 - 34 = 2*o. What are the prime factors of o?
389
Suppose 6*x + 2*o - 17 = 3*x, 4*x - 3*o = 34. List the prime factors of x.
7
Suppose -6*n = -m - 2*n, 30 = 3*m - 2*n. Let b be ((-6)/m)/(2/(-92)). Suppose 0 = 2*o - b + 9. List the prime factors of o.
7
List the prime factors of 5 + (-54)/(-9) + 729.
2, 5, 37
Let i(q) = -q - 13. Let y be i(-19). Suppose z = 3*f + y*z - 148, 4*f + 4*z - 192 = 0. Suppose 4*p = f + 18. List the prime factors of p.
2
Let p(o) = o**2 - 7*o + 8. Let z be p(5). What are the prime factors of ((-1420)/30)/(z/3)?
71
Let v(j) = 87*j + 25. List the prime factors of v(9).
2, 101
Let f(h) = h**3 - 3*h**2 + 0*h**3 - 16 + 25 - 4*h. Let w be f(5). Suppose -3*i - 4*x = -89 - w, 0 = -3*i - x + 113. List the prime factors of i.
2, 3
Let c = 106 + 68. List the prime factors of c.
2, 3, 29
Suppose 4*z + 3*q + 41 = 2*z, 60 = -3*z - 4*q. Let j = z + 27. List the prime factors of j.
11
Let f be 9/18 + (-18)/(-4). Suppose 4*g = 0, -f*g + 0*g = -r. Suppose -31 = -3*h - 5*a + 9, 4*h - 3*a - 34 = r. List the prime factors of h.
2, 5
Let q(u) = u**3 + 8*u**2 + 5*u + 15. Let j be q(-7). Suppose 37 + j = 3*h. What are the prime factors of h?
2, 11
Suppose 0 = 35*u - 19537 - 95403. What are the prime factors of u?
2, 821
Let o = 78 + -83. What are the prime factors of -14*(-85)/(-34)*3/o?
3, 7
Suppose 3*w - 14 = -3*y + 4, 4*y = 3*w - 11. Suppose 4*u + y - 5 = 0. List the prime factors of 2 + u - 8/(-2).
7
Let t be (12/(-1))/((-6)/4). Suppose 4*r + t = 36. Suppose r*o - 4*o - 42 = 0. What are the prime factors of o?
2, 7
Let v = -200 + 405. List the prime factors of v.
5, 41
Let d(y) = -y - 11. Let s(v) = -10. Let c(a) = 5*d(a) - 6*s(a). What are the prime factors of c(-2)?
3, 5
Let j be (-4)/18 - 35/45. Let x be (3 - (13 + -1))/j. What are the prime factors of ((-6)/x)/((-2)/144)?
2, 3
Suppose -837 = -r + 4*l, -4*r = r - 3*l - 4100. List the prime factors of r.
19, 43
Suppose -1160 = -i - 3*c, 4*i + c = 1295 + 3400. Suppose -2*l = -5*r + i, 4*r - 1252 = 4*l - 300. What are the prime factors of r?
233
Suppose -2*v + 36 = -3*v. Let h(r) = 4*r + 1. Let m be h(-7). What are the prime factors of 8/v + (-1248)/m?
2, 23
List the prime factors of (-1520)/(-5)*(-15)/(-15).
2, 19
Suppose -u + 4*u = 9. Suppose q + 12 = u*f, 3*f - f = 10. Suppose -2*g = -q*g + 20. What are the prime factors of g?
2, 5
Let d(h) = 9 + 4*h - 4 - 3*h**2 - 13 - 3*h**3. What are the prime factors of d(-5)?
2, 17
Let h = 5814 + -3103. What are the prime factors of h?
2711
Suppose 16*t - 31842 = 6062. List the prime factors of t.
23, 103
Suppose -2*q = 4*q. Let v(c) = -c**3 + 2*c - 8. Let h be v(q). Let k(p) = -p**3 - 7*p**2 + 8*p + 12. What are the prime factors of k(h)?
2, 3
Let x = -278 + 377. What are the prime factors of x?
3, 11
Let y = 105 + -35. Suppose 3*f + 4 = 7*f. List the prime factors of ((y - 3) + 0)*f.
67
Let o(i) = 4*i**2 - i - 12 - 8 - 8*i + 0*i**2. What are the prime factors of o(-8)?
2, 7, 11
Let u be 34/(-51)*1749/(-2). Suppose -3*x - 5*r + u = 0, -x + r - 4*r = -201. What are the prime factors of -3 - x/(-9)*3?
59
Let a(u) = u**3 + 7*u**2 + 3*u + 8. Let t be a(-8). Let z = t + 134. Suppose l - z = -l. List the prime factors of l.
3
Let x be (-34)/(-9) + (-6)/(-27). Suppose x*m - 3*y = 25, 2*y + 3 = 4*m - 23. List the prime factors of m.
7
Let f = 33 + -33. Suppose -y + 89 = -a, a + f*a + 269 = 3*y. List the prime factors of y.
2, 3, 5
Suppose -8*r + 3*r = 25, -5*h = 2*r - 20. Suppose -70 = -z - h. List the prime factors of z.
2
Suppose 5*m = -0*m. Suppose 4*j + m*j - 2*c - 236 = 0, -236 = -4*j - 4*c. List the prime factors of j.
59
Suppose 0 = i - 3*i + 92. Let d be (i/3)/((-8)/24). Let s = d + 77. What are the prime factors of s?
31
Suppose -2*g - 4*b + 1771 = g, 4*g - 5*b = 2382. List the prime factors of g.
593
Let i(h) = 233*h - 149. What are the prime factors of i(13)?
2, 3, 5
Suppose -20 = -4*n, b + 3*b + 35 = 3*n. Let q = -91 + 144. Let f = b + q. What are the prime factors of f?
2, 3
Suppose 0 = 3*q + 3*p - 112 - 155, 2*q - 5*p - 143 = 0. Suppose g = -2*g + q. What are the prime factors of g?
2, 7
Let n(x) = 3*x - 23. Let g(o) = 2*o - 16. Let k(f) = -7*g(f) + 5*n(f). Let r(z) = z**2 - 2*z - 3. Let s be r(4). What are the prime factors of k(s)?
2
Let o(s) = 2 + 4*s + 7 - 1 - 9*s. What are the prime factors of o(-5)?
3, 11
Let z = -3 - 2. Let f be 1 - z/(5/36). Suppose c - 8 = 4*o, 39 = 2*c + 4*o - f. What are the prime factors of c?
2, 7
Let c be (111/(-6))/(3/(-12)). Suppose 4*t + c = -2*v, -5*t + 2*v - 47 = 59. Let l = 34 + t. List the prime factors of l.
2, 7
Let q be -5*((-243)/15 + 0 + 1). List the prime factors of ((-99)/18)/((-1)/(q/2)).
11, 19
Let g be (-2)/(2/((-90)/(-3))). Let p = 15 - g. List the prime factors of (8/5)/(2/p).
2, 3
Let m = -24 - -82. Let z = 10 + 20. Let g = m - z. List the prime factors of g.
2, 7
What are the prime factors of (-4688)/(-1)*45/90?
2, 293
What are the prime factors of (-88 + 0)*(-6 - 20/(-8))?
2, 7, 11
Let o(c) be the first derivative of 3*c**3 - 3*c**2 + 12*c - 11. List the prime factors of o(4).
2, 3, 11
Suppose 0 = -50*h + 37674 + 40876. What are the prime factors of h?
1571
Let v = 1002 - 600. What are the prime factors of v?
2, 3, 67
Let i(x) = -3*x**2 - x + 4. Let l be i(-2). What are the prime factors of (41 - 5) + (-2 - l)?
2, 5
Let u(h) = h**3 - h**2 - 2*h + 8. Suppose 4*j - 8 = 5*b, j + j - 2 = 3*b. Let w be (-2)/7 + 2/j. List the prime factors of u(w).
2
List the prime factors of 384 + (2/5)/((-6)/15).
383
Let l(c) = -6*c**2 + c + 5. Let b(w) = 3*w**2 - 2. Let t(a) = 9*b(a) + 4*l(a). Let n = 1 + -4. List the prime factors of t(n).
17
Let f be 0/(2 + (3 - 4)). What are the prime factors of (0 - (7 - 4)) + f + 95?
2, 23
Suppose -2*m + 1311 + 131 = 2*h, 0 = -2*h - 5*m + 1433. What are the prime factors of h?
2, 181
Let m = 5043 - 37. List the prime factors of m.
2, 2503
Let u(z) = 3*z**2 + 20*z + 5. Let n be u(-6). Let t(f) = f**3 - 15*f. Let k(s) = -s**2 - s. Let c(o) = 5*k(o) - t(o). List the prime factors of c(n).
2, 7
Let i(u) = 4*u**2 - 6*u + 78. What are the prime factors of i(10)?
2, 11, 19
Let s = 9782 - 6269. What are the prime factors of s?
3, 1171
Let n(b) = 9*b**2 - 4*b - 22. List the prime factors of n(-4).
2, 3, 23
Suppose 3*w - 1865 = -2*w. List the prime factors of w.
373
Suppose -2017 = -3*x - 5*t - 614, 8 = 2*t. What are the prime factors of x?
461
Suppose -3*p - 5*z + 408 = 0, 4*z - 408 = -3*p - 0*z. Suppose -2*w - 754 = -4*u, u - 45 - p = 3*w. Suppose a - 6*a + u